 4*h + 2. Let f be p(-4). Let k = -4 + 8. Suppose f*z = -0*z - s + 16, 4*z - 32 = k*s. List the prime factors of z.
2
Let p = -10 + 15. Suppose -14 = -p*j + 21. Suppose -155 = -j*q + 48. What are the prime factors of q?
29
Let t be 2/4*(-9 - -9). Suppose 0*o + 5*o + 5 = t, -5*w + 17 = 3*o. Suppose -n - w*i + 42 = 0, -i - 61 = 4*n - 169. What are the prime factors of n?
2, 13
Suppose -7263 = -2*z + i, 4*z - 5*i = 21038 - 6509. What are the prime factors of z?
3631
Let f(z) = -4*z - 1. Let g(o) be the second derivative of 2*o**3/3 + 6*o. Let u(b) = -4*f(b) - 3*g(b). List the prime factors of u(3).
2
List the prime factors of ((-4036)/(-5) - 6/30) + 0.
3, 269
Suppose 0 = -9*d + 409 + 356. Let x = -70 + d. List the prime factors of x.
3, 5
Let s(k) = k**3 - 7*k**2 - 2*k. Let d be s(7). Let l be 40/d - (-6)/(-42). Let f(b) = -2*b**3 - 5*b**2 - 3*b. What are the prime factors of f(l)?
2, 3
Suppose 9 = 2*w - 1. Suppose 19 = w*f - 3*g, 10 = 4*f - g - 4*g. Suppose u + 14 = 3*p - 2*p, 4*u = -f*p + 106. What are the prime factors of p?
2, 3
Let b(n) = n**2 + n - 17. Let g be b(0). Let l = -38 - g. What are the prime factors of (5 + -1)/4 - l?
2, 11
Suppose 23*o - 27*o + 7556 = 0. What are the prime factors of o?
1889
Let g(b) = b**2 + 5*b. Let n be g(-4). List the prime factors of 38/n*(1 + -7).
3, 19
What are the prime factors of 2 - ((2/(-1) - 1074) + 2)?
2, 269
Suppose -345*c - 2960 = -349*c. What are the prime factors of c?
2, 5, 37
Suppose 33 = -2*d + 533. What are the prime factors of (44/(-10))/((-5)/d)?
2, 5, 11
Let g(k) = -5 - 4 - 12*k + 7*k + 38. What are the prime factors of g(3)?
2, 7
Let l be (-14)/(-63) - 6/27. Suppose -t - 28 = -o, -o + l*t + 43 = 4*t. What are the prime factors of o?
31
Suppose -33*w = -19*w - 6958. List the prime factors of w.
7, 71
Let c(k) = k**3 - 8*k**2 - 3*k - 4. Let t(i) = -i**2 - i. Let s(y) = c(y) - t(y). Let p be s(7). Let z = p + 54. What are the prime factors of z?
2, 3
Suppose 6*t + 5*a - 797 = 2*t, -2*a + 2 = 0. List the prime factors of (4/12)/((1 + 1)/t).
3, 11
Let z = 166 - 2. What are the prime factors of z?
2, 41
Let x(h) be the first derivative of 41*h**2/2 - 11*h - 30. What are the prime factors of x(5)?
2, 97
List the prime factors of (26/(-6))/(8/(-72)).
3, 13
Suppose -15 = -3*x - 0*x. Suppose 5*l + 5*f = 350, -x*l + 2*f + 297 = -46. List the prime factors of l.
3, 23
Let w be (-2 + 2)/(-4 - -2). Let h = 3 - w. Suppose -2*r = -l + 22, 0 = -4*l + 2*l - h*r + 30. List the prime factors of l.
2, 3
Suppose 0 = -4*n + 5 + 7. Suppose -b - n*b = -172. List the prime factors of b.
43
Let z = 13 + 8. Let s = 15 - z. Let o(p) = -p**3 - 4*p**2 + 6*p + 4. List the prime factors of o(s).
2, 5
Let w be (-6)/(-8)*(-8)/(-2). Suppose 5*n = -5*k + 235, 3*n + 0*n = -2*k + 138. Suppose -s - w*s - 5*g = -55, g = -3*s + n. List the prime factors of s.
3, 5
Let b(q) = -36*q + 17. Let y = -67 - -63. What are the prime factors of b(y)?
7, 23
Suppose g + 3876 = 5*g + 4*k, 3*k = 5*g - 4861. What are the prime factors of g?
971
Let z(d) = -d + 12. Let f be z(10). Let u be (-12)/48 + 26/8. Suppose -m = -x + f*x - 29, u*x + 4*m - 85 = 0. What are the prime factors of x?
31
Let t be (-3)/((-12)/10)*2. Suppose 3*v - 4*v = -t. Suppose -w + 62 = v*b - 25, -4*w - 12 = 0. What are the prime factors of b?
2, 3
Let q(l) = 87*l - 30. What are the prime factors of q(5)?
3, 5
Let x = -30 + 59. What are the prime factors of x?
29
Let q = 211 + -179. List the prime factors of q.
2
Let q = -323 + 1162. What are the prime factors of q?
839
Let v(y) = -y - 2. Let n be v(-4). Let a be (-15)/6*-6*n. Suppose a = 2*x - 16. List the prime factors of x.
23
Suppose 5*o = h - 7, -4*o + 0 - 12 = -4*h. Let w = 0 + 0. Suppose -h*z = -w*z - 34. What are the prime factors of z?
17
Let q(b) = -4*b - 2. Let r be q(-3). Suppose 3*a + 3*k - r = 8, 2*k = 6. List the prime factors of 10 + a + (2 - 7).
2
Suppose -3*u = 6*u - 18. Suppose j = -3*m + 577, 3*j + 118 + 274 = u*m. List the prime factors of m.
193
Let s = 426 - 374. List the prime factors of s.
2, 13
Let y = -930 + 1781. What are the prime factors of y?
23, 37
Suppose -5*k - 7 = 4*v - 497, 392 = 4*k - 4*v. Suppose -11*u + 10*u - k = 0. Let z = -70 - u. List the prime factors of z.
2, 7
Let y(l) = l**2 - 2*l - 2. Let t be y(-4). Let i = t + -7. List the prime factors of 348/i + 6/(-30).
23
Let s(m) = -m**3 - 8*m**2 - 8*m + 5. Let p be s(-7). Let a(o) = -o**3 + 13*o**2 - 18*o + 9. Let n be a(p). Let c = n - -118. List the prime factors of c.
5, 11
Let n be 6/3 + 58/(-2). What are the prime factors of -2 - (0 + -2 + n)?
3
Let b(y) be the first derivative of -3*y**4/4 + y**3/3 + 3*y**2/2 + 3*y + 1. What are the prime factors of b(-3)?
2, 3, 7
Let g(b) = -b**2 + 35*b - 6. Let v be g(12). Suppose v = 5*j - 150. What are the prime factors of j?
2, 3, 7
List the prime factors of (-6)/(-16) - 1564/32*-19.
929
List the prime factors of (48/(-36))/(20/(-17265)).
1151
Suppose 6*k + 0 = 18. Let m(p) = 21*p**2 + 3*p - 9. What are the prime factors of m(k)?
3, 7
Let m(l) = -60*l + 55. List the prime factors of m(-13).
5, 167
Suppose 132 + 173 = 3*f - 4*g, f = 5*g + 98. Suppose -3*h = 4*v - 129, -2*v + f = v - 4*h. List the prime factors of v.
3, 11
Suppose 0 = 33*t - 59665 - 69662. What are the prime factors of t?
3919
Let k(q) = -q**3 + 13*q**2 - 12*q - 9. Let d be k(12). List the prime factors of 103/2 - d/6.
53
Let k = 6 - 6. Let r(l) = -2*l + 4. Let h be r(-6). Suppose -4*f + k*f = -h. What are the prime factors of f?
2
Suppose 150 - 54 = -8*l. Let f(r) = -4*r**2 + 3*r**2 + 11*r + 2*r**2 + 11. What are the prime factors of f(l)?
23
Suppose 6*v - 1989 = 2*v + 5*b, 0 = 4*v - 4*b - 1992. List the prime factors of v.
3, 167
Suppose 8*h - 4*h - 5*h = 0. Let t = -7 - -11. Suppose h = t*j - 3*u - 207, j - 2*u = 4*j - 151. What are the prime factors of j?
3, 17
Let r(c) = 17*c**3 + 5*c**2 - 5*c - 9. List the prime factors of r(4).
17, 67
Let b = 1925 - -374. What are the prime factors of b?
11, 19
Let k(f) = -2*f**3 - f**2 - 17*f - 25. List the prime factors of k(-5).
3, 5, 19
Let u = -1481 + 2301. List the prime factors of u.
2, 5, 41
List the prime factors of -1039*50/(-60) + (-2)/(-12).
2, 433
Let c = 13712 - 8384. Suppose -236 + c = 19*b. List the prime factors of b.
2, 67
Let i = 121 - -670. List the prime factors of i.
7, 113
What are the prime factors of (20 - -1711) + 2/(-6)*0?
3, 577
Suppose -4*s + 8*s = -24. Let o(i) = i - 2. Let l(u) = 2*u - 4. Let t(w) = s*l(w) + 13*o(w). List the prime factors of t(12).
2, 5
Let l(i) = 36*i**2 - 2*i + 61. List the prime factors of l(11).
3, 5, 293
Let a(f) = -37*f + 10. Let c(w) = 12*w - 3. Let x(h) = -3*a(h) - 8*c(h). What are the prime factors of x(3)?
3, 13
Suppose 0*c - 3*c - 2*w = -17, 4*c = 4*w + 16. Suppose 0*a = -c*a + 100. List the prime factors of a.
2, 5
Suppose 2*y - 6*y = 1536. Let h = -268 - y. What are the prime factors of h?
2, 29
Let o be 1 + -2 + 40/(-2). Let n = o + 23. Suppose -b + 17 = -n. List the prime factors of b.
19
What are the prime factors of (54/81)/(2/1761)?
587
List the prime factors of ((-2100)/63)/(5/(-135)).
2, 3, 5
What are the prime factors of (((-2376)/30)/2)/(6/(-45))?
3, 11
What are the prime factors of ((-1)/1 + 19)*306/6?
2, 3, 17
Let t be (648/5)/((-16)/(-80)). Suppose c - 9*c = -t. What are the prime factors of c?
3
Let f(o) = -391*o - 276. List the prime factors of f(-8).
2, 23, 31
What are the prime factors of (-2411)/(-2)*(46 - 44)?
2411
Let i(z) = 111*z - 261. List the prime factors of i(10).
3, 283
Suppose 0 = 2*u - 6*u - 52. Let r be 29/(-5) + u/65. Let b = -3 - r. What are the prime factors of b?
3
Let g(f) = -145*f - 1. Let n be g(-1). Suppose -40 + n = 4*o. What are the prime factors of o?
2, 13
Let v = -492 + 536. What are the prime factors of v?
2, 11
Let n(f) = -f - 2. Let g be n(-6). Suppose -i = -g*y + 293, -4*y + y + 211 = i. What are the prime factors of y?
2, 3
Let i = -18 + 12. Let s(b) = -b**2 + 7*b - 4. Let w(z) = -3*z**2 + 21*z - 12. Let f(r) = i*w(r) + 17*s(r). What are the prime factors of f(10)?
2, 17
Suppose 0 = 3*t - 931 - 1322. List the prime factors of t.
751
Let r(w) = 168*w**2 + 10*w - 28. What are the prime factors of r(3)?
2, 757
Let p be (-6)/(-5)*(-15)/(-9). Suppose -h + 34 - p = 0. What are the